igit of 43680189?
0
What is the millions digit of 31436997?
1
What is the hundreds digit of 247797954?
9
What is the hundreds digit of 18300912?
9
What is the ten thousands digit of 33835926?
3
What is the hundred thousands digit of 102532583?
5
What is the hundred thousands digit of 534260592?
2
What is the ten millions digit of 1343193561?
4
What is the ten thousands digit of 6587720173?
2
What is the millions digit of 3337252?
3
What is the ten thousands digit of 311144036?
4
What is the tens digit of 2769089300?
0
What is the millions digit of 2719914467?
9
What is the millions digit of 3988607841?
8
What is the millions digit of 39688132?
9
What is the hundreds digit of 833811979?
9
What is the units digit of 55309068?
8
What is the millions digit of 193583661?
3
What is the hundred thousands digit of 185694028?
6
What is the ten millions digit of 131262443?
3
What is the ten millions digit of 846524617?
4
What is the thousands digit of 6164965?
4
What is the billions digit of 1831726251?
1
What is the ten millions digit of 63848934?
6
What is the billions digit of 1488472791?
1
What is the ten thousands digit of 46652532?
5
What is the ten millions digit of 1202918165?
0
What is the hundreds digit of 23953798?
7
What is the millions digit of 1156489233?
6
What is the thousands digit of 155132928?
2
What is the thousands digit of 932918574?
8
What is the hundreds digit of 469566721?
7
What is the units digit of 354540431?
1
What is the millions digit of 74620413?
4
What is the hundred thousands digit of 2693960469?
9
What is the ten thousands digit of 3473131963?
3
What is the billions digit of 5461895758?
5
What is the units digit of 477795789?
9
What is the hundreds digit of 12527039?
0
What is the hundreds digit of 60730003?
0
What is the units digit of 581696834?
4
What is the thousands digit of 3481720585?
0
What is the hundred millions digit of 409196749?
4
What is the ten millions digit of 722673941?
2
What is the units digit of 346551?
1
What is the hundred thousands digit of 51335750?
3
What is the units digit of 691270803?
3
What is the ten thousands digit of 710041153?
4
What is the ten millions digit of 234759925?
3
What is the hundreds digit of 4205312?
3
What is the ten millions digit of 4815940940?
1
What is the tens digit of 79509848?
4
What is the ten millions digit of 204907192?
0
What is the ten thousands digit of 3659334179?
3
What is the hundreds digit of 74147711?
7
What is the ten thousands digit of 2782670844?
7
What is the hundreds digit of 534839677?
6
What is the billions digit of 1795544650?
1
What is the ten millions digit of 3757569277?
5
What is the thousands digit of 114647005?
7
What is the ten thousands digit of 244003919?
0
What is the millions digit of 62921601?
2
What is the ten thousands digit of 69462529?
6
What is the hundreds digit of 566338114?
1
What is the hundred thousands digit of 60938574?
9
What is the millions digit of 3301271585?
1
What is the hundreds digit of 35883746?
7
What is the millions digit of 6360523784?
0
What is the ten thousands digit of 39303869?
0
What is the ten thousands digit of 1018193676?
9
What is the ten millions digit of 1476684964?
7
What is the hundreds digit of 598502835?
8
What is the millions digit of 903198072?
3
What is the hundreds digit of 785390818?
8
What is the hundred thousands digit of 876489478?
4
What is the millions digit of 2324680665?
4
What is the hundreds digit of 368405126?
1
What is the hundred millions digit of 185534509?
1
What is the ten millions digit of 157155375?
5
What is the tens digit of 85521827?
2
What is the tens digit of 4965608?
0
What is the ten millions digit of 790650546?
9
What is the millions digit of 140748968?
0
What is the tens digit of 4165045459?
5
What is the ten millions digit of 6535286867?
3
What is the millions digit of 52009089?
2
What is the ten millions digit of 6240437409?
4
What is the hundred thousands digit of 682263169?
2
What is the millions digit of 1707125163?
7
What is the millions digit of 420305059?
0
What is the hundred thousands digit of 5083213332?
2
What is the hundreds digit of 6651779800?
8
What is the thousands digit of 5883844031?
4
What is the hundreds digit of 137744117?
1
What is the thousands digit of 237930266?
0
What is the ten thousands digit of 4354299?
5
What is the units digit of 666583649?
9
What is the hundred millions digit of 743142557?
7
What is the ten millions digit of 49993665?
4
What is the ten thousands digit of 5256904?
5
What is the ten millions digit of 19884814?
1
What is the ten thousands digit of 526122497?
2
What is the thousands digit of 2061937741?
7
What is the millions digit of 15934477?
5
What is the hundred thousands digit of 429979661?
9
What is the billions digit of 1234434428?
1
What is the hundred thousands digit of 17442462?
4
What is the hundreds digit of 643697495?
4
What is the millions digit of 625129051?
5
What is the hundred thousands digit of 111972111?
9
What is the ten millions digit of 90590798?
9
What is the hundred thousands digit of 2316052415?
0
What is the thousands digit of 504536825?
6
What is the thousands digit of 70928116?
8
What is the hundreds digit of 45583651?
6
What is the units digit of 355336138?
8
What is the units digit of 586549112?
2
What is the units digit of 8646833311?
1
What is the hundred millions digit of 774138007?
7
What is the millions digit of 320182787?
0
What is the hundred millions digit of 256884480?
2
What is the tens digit of 1752735882?
8
What is the millions digit of 526191882?
6
What is the hundred thousands digit of 256353163?
3
What is the tens digit of 277859678?
7
What is the ten thousands digit of 58732087?
3
What is the millions digit of 1979914613?
9
What is the thousands digit of 400284268?
4
What is the hundreds digit of 13118341?
3
What is the units digit of 1335697345?
5
What is the millions digit of 405428518?
5
What is the ten millions digit of 104825450?
0
What is the units digit of 199689667?
7
What is the ten thousands digit of 4566481?
6
What is the hundreds digit of 1524047194?
1
What is the units digit of 463991166?
6
What is the millions digit of 11968865?
1
What is the ten millions digit of 50211472?
5
What is the hundreds digit of 145899825?
8
What is the thousands digit of 511749632?
9
What is the units digit of 634437426?
6
What is the millions digit of 759377118?
9
What is the thousands digit of 2233491760?
1
What is the tens digit of 340743237?
3
What is the hundred thousands digit of 567006206?
0
What is the millions digit of 294380916?
4
What is the hundreds digit of 367321972?
9
What is the thousands digit of 688239295?
9
What is the hundred thousands digit of 35003709?
0
What is the ten thousands digit of 973898100?
9
What is the thousands digit of 51566585?
6
What is the ten millions digit of 87750777?
8
What is the hundreds digit of 529586603?
6
What is the billions digit of 6408553615?
6
What is the ten millions digit of 733104647?
3
What is the ten millions digit of 11568874?
1
What is the units digit of 2360489635?
5
What is the ten thousands digit of 23463837?
6
What is the units digit of 482102457?
7
What is the billions digit of 1349247425?
1
What is the billions digit of 2036030611?
2
What is the units digit of 76713390?
0
What is the ten millions digit of 3147565358?
4
What is the thousands digit of 12526095?
6
What is the millions digit of 317299749?
7
What is the ten millions digit of 1670910526?
7
What is the hundreds digit of 76137990?
9
What is the units digit of 302001964?
4
What is the ten millions digit of 730516459?
3
What is the hundred thousands digit of 13157823?
1
What is the thousands digit of 28921066?
1
What is the units digit of 139604205?
5
What is the thousands digit of 38178674?
8
What is the hundred millions digit of 925277253?
9
What is the millions digit of 259283410?
9
What is the units digit of 969409914?
4
What is the ten millions digit of 562674524?
6
What is the millions digit of 28918332?
8
What is the ten millions digit of 375594334?
7
What is the hundreds digit of 83717339?
3
What is the hundred thousands digit of 28231169?
2
What is the ten thousands digit of 6275935663?
3
What is the units digit of 85012380?
0
What is the billions 